{"id":57,"date":"2017-10-07T22:10:56","date_gmt":"2017-10-07T20:10:56","guid":{"rendered":"http:\/\/gesou.cz\/?page_id=57"},"modified":"2017-10-11T09:34:48","modified_gmt":"2017-10-11T07:34:48","slug":"ke-stazeni","status":"publish","type":"page","link":"https:\/\/gesou.cz\/index.php\/ke-stazeni\/","title":{"rendered":"Ke sta\u017een\u00ed"},"content":{"rendered":"<p><a href=\"http:\/\/gesou.cz\/wp-content\/uploads\/2017\/10\/Gesou-z.s.-Stanovy-ZS-v-2.0.pdf\" target=\"_blank\" rel=\"noopener\">Stanovy spolku Gesou z.s. (PDF)<\/a><br \/>\n<a href=\"http:\/\/gesou.cz\/wp-content\/uploads\/2017\/10\/Gesou-z.s.-z\u00e1pis-do-spolkov\u00e9ho-rejst\u0159\u00edku.pdf\" target=\"_blank\" rel=\"noopener\">Z\u00e1pis spolku Gesou z.s. do spolkov\u00e9ho rejst\u0159\u00edku (PDF)<br \/>\n<\/a><a href=\"http:\/\/gesou.cz\/wp-content\/uploads\/2017\/10\/DS-2017-Gesou-X_obdarovan\u00fd.pdf\" target=\"_blank\" rel=\"noopener\">Vzorov\u00e1 darovac\u00ed smlouva (PDF)<\/a><a href=\"http:\/\/gesou.cz\/wp-content\/uploads\/2017\/10\/Gesou-z.s.-z\u00e1pis-do-spolkov\u00e9ho-rejst\u0159\u00edku.pdf\" target=\"_blank\" rel=\"noopener\"><br \/>\n<\/a><\/p>\n","protected":false},"excerpt":{"rendered":"<p>Stanovy spolku Gesou z.s. (PDF) Z\u00e1pis spolku Gesou z.s. do spolkov\u00e9ho rejst\u0159\u00edku (PDF) Vzorov\u00e1 darovac\u00ed smlouva (PDF)<\/p>\n","protected":false},"author":1,"featured_media":0,"parent":0,"menu_order":2,"comment_status":"closed","ping_status":"closed","template":"","meta":{"footnotes":""},"class_list":["post-57","page","type-page","status-publish","hentry"],"_links":{"self":[{"href":"https:\/\/gesou.cz\/index.php\/wp-json\/wp\/v2\/pages\/57","targetHints":{"allow":["GET"]}}],"collection":[{"href":"https:\/\/gesou.cz\/index.php\/wp-json\/wp\/v2\/pages"}],"about":[{"href":"https:\/\/gesou.cz\/index.php\/wp-json\/wp\/v2\/types\/page"}],"author":[{"embeddable":true,"href":"https:\/\/gesou.cz\/index.php\/wp-json\/wp\/v2\/users\/1"}],"replies":[{"embeddable":true,"href":"https:\/\/gesou.cz\/index.php\/wp-json\/wp\/v2\/comments?post=57"}],"version-history":[{"count":13,"href":"https:\/\/gesou.cz\/index.php\/wp-json\/wp\/v2\/pages\/57\/revisions"}],"predecessor-version":[{"id":145,"href":"https:\/\/gesou.cz\/index.php\/wp-json\/wp\/v2\/pages\/57\/revisions\/145"}],"wp:attachment":[{"href":"https:\/\/gesou.cz\/index.php\/wp-json\/wp\/v2\/media?parent=57"}],"curies":[{"name":"wp","href":"https:\/\/api.w.org\/{rel}","templated":true}]}}