{"id":44,"date":"2017-10-07T19:52:46","date_gmt":"2017-10-07T17:52:46","guid":{"rendered":"http:\/\/gesou.cz\/?page_id=44"},"modified":"2025-12-10T20:18:21","modified_gmt":"2025-12-10T19:18:21","slug":"o-nas","status":"publish","type":"page","link":"https:\/\/gesou.cz\/","title":{"rendered":"O n\u00e1s"},"content":{"rendered":"<p><span style=\"color: #333333;\">\u00da\u010delem spolku <strong>Gesou z.s.<\/strong> je realizace, podpora a financov\u00e1n\u00ed projekt\u016f zam\u011b\u0159en\u00fdch na n\u00e1sleduj\u00edc\u00ed spole\u010densky prosp\u011b\u0161n\u00e9 oblasti:<\/span><\/p>\n<ul>\n<li><span style=\"color: #333333;\">podpora a zkvalit\u0148ov\u00e1n\u00ed \u017eivota rodin s d\u011btmi, \u017eivota d\u011bt\u00ed a mladistv\u00fdch, \u017eivota soci\u00e1ln\u011b znev\u00fdhodn\u011bn\u00fdch skupin ob\u010dan\u016f, zejm\u00e9na d\u011bt\u00ed a mladistv\u00fdch bez rodin a z rodin ne\u00fapln\u00fdch, senior\u016f, nemocn\u00fdch a ob\u010dan\u016f v hmotn\u00e9 a soci\u00e1ln\u00ed nouzi<\/span><\/li>\n<li><span style=\"color: #333333;\">podpora a rozvoj ob\u010dansk\u00e9 spole\u010dnosti, budov\u00e1n\u00ed etick\u00fdch a humanit\u00e1rn\u00edch hodnot ve spole\u010dnosti v\u010detn\u011b podpory politick\u00fdch subjekt\u016f<\/span><\/li>\n<li><span style=\"color: #333333;\">podpora a rozvoj \u017eivotn\u00edho prost\u0159ed\u00ed v obc\u00edch a kraj\u00edch na \u00fazem\u00ed \u010cesk\u00e9 republiky, v\u010detn\u011b obnovy pam\u00e1tek, obnovy a rozvoje infrastruktury a obnovy a rozvoje ob\u010dansk\u00e9 vybavenosti<\/span><\/li>\n<\/ul>\n<p><span style=\"color: #333333;\">A to jak projekt\u016f vlastn\u00edch, tak i projekt\u016f jin\u00fdch subjekt\u016f.<\/span><\/p>\n<p><span style=\"color: #333333;\">Na\u0161im c\u00edlem je prim\u00e1rn\u011b podpora projekt\u016f na region\u00e1ln\u00ed \u00farovni.<\/span><\/p>\n","protected":false},"excerpt":{"rendered":"<p>\u00da\u010delem spolku Gesou z.s. je realizace, podpora a financov\u00e1n\u00ed projekt\u016f zam\u011b\u0159en\u00fdch na n\u00e1sleduj\u00edc\u00ed spole\u010densky prosp\u011b\u0161n\u00e9 oblasti: podpora a zkvalit\u0148ov\u00e1n\u00ed \u017eivota rodin s d\u011btmi, \u017eivota d\u011bt\u00ed a mladistv\u00fdch, \u017eivota soci\u00e1ln\u011b znev\u00fdhodn\u011bn\u00fdch skupin ob\u010dan\u016f, zejm\u00e9na d\u011bt\u00ed a mladistv\u00fdch bez rodin a z &hellip; <a href=\"https:\/\/gesou.cz\/\">Cel\u00fd p\u0159\u00edsp\u011bvek <span class=\"meta-nav\">&rarr;<\/span><\/a><\/p>\n","protected":false},"author":1,"featured_media":0,"parent":0,"menu_order":0,"comment_status":"closed","ping_status":"closed","template":"","meta":{"footnotes":""},"class_list":["post-44","page","type-page","status-publish","hentry"],"_links":{"self":[{"href":"https:\/\/gesou.cz\/index.php\/wp-json\/wp\/v2\/pages\/44","targetHints":{"allow":["GET"]}}],"collection":[{"href":"https:\/\/gesou.cz\/index.php\/wp-json\/wp\/v2\/pages"}],"about":[{"href":"https:\/\/gesou.cz\/index.php\/wp-json\/wp\/v2\/types\/page"}],"author":[{"embeddable":true,"href":"https:\/\/gesou.cz\/index.php\/wp-json\/wp\/v2\/users\/1"}],"replies":[{"embeddable":true,"href":"https:\/\/gesou.cz\/index.php\/wp-json\/wp\/v2\/comments?post=44"}],"version-history":[{"count":3,"href":"https:\/\/gesou.cz\/index.php\/wp-json\/wp\/v2\/pages\/44\/revisions"}],"predecessor-version":[{"id":56,"href":"https:\/\/gesou.cz\/index.php\/wp-json\/wp\/v2\/pages\/44\/revisions\/56"}],"wp:attachment":[{"href":"https:\/\/gesou.cz\/index.php\/wp-json\/wp\/v2\/media?parent=44"}],"curies":[{"name":"wp","href":"https:\/\/api.w.org\/{rel}","templated":true}]}}